{"id":80,"date":"2017-10-22T21:31:48","date_gmt":"2017-10-22T19:31:48","guid":{"rendered":"http:\/\/www.invekostavby.cz\/domains\/invekostavby.cz\/?page_id=80"},"modified":"2021-01-15T10:10:58","modified_gmt":"2021-01-15T09:10:58","slug":"aaa","status":"publish","type":"page","link":"https:\/\/www.invekostavby.cz\/domains\/invekostavby.cz\/","title":{"rendered":"O n\u00e1s"},"content":{"rendered":"<h4 class=\"mceTemp\"><strong>inveko &#8211; stavby<\/strong><\/h4>\n<h3>Gener\u00e1ln\u00ed dodavatel staveb<\/h3>\n<p><img loading=\"lazy\" class=\"size-medium wp-image-305\" style=\"font-size: 1rem;\" src=\"http:\/\/www.invekostavby.cz\/domains\/invekostavby.cz\/wp-content\/uploads\/2017\/10\/18625-2-300x200.jpg\" alt=\"\" width=\"300\" height=\"200\" srcset=\"https:\/\/www.invekostavby.cz\/domains\/invekostavby.cz\/wp-content\/uploads\/2017\/10\/18625-2-300x200.jpg 300w, https:\/\/www.invekostavby.cz\/domains\/invekostavby.cz\/wp-content\/uploads\/2017\/10\/18625-2-768x513.jpg 768w, https:\/\/www.invekostavby.cz\/domains\/invekostavby.cz\/wp-content\/uploads\/2017\/10\/18625-2-1024x684.jpg 1024w\" sizes=\"(max-width: 300px) 100vw, 300px\" \/><\/p>\n<p>Investor\u016fm nab\u00edz\u00edme&nbsp;do<span style=\"font-size: 1rem;\">d\u00e1vky staveb na kl\u00ed\u010d a to v\u010detn\u011b:<\/span><\/p>\n<ul>\n<li>n\u00e1vrhu realizace stavby<\/li>\n<li>doporu\u010den\u00ed vhodn\u00fdch materi\u00e1l\u016f<\/li>\n<li>koordinace jednotliv\u00fdch stavebn\u00edch \u010dinnost\u00ed<\/li>\n<\/ul>\n<p>Realizujeme v\u00fdstavbu v\u011bt\u0161\u00edch stavebn\u00edch celk\u016f, ale i&nbsp;rodinn\u00fdch a bytov\u00fdch dom\u016f.<\/p>\n\n\n<figure class=\"wp-block-image size-large\"><img loading=\"lazy\" width=\"736\" height=\"1024\" src=\"http:\/\/www.invekostavby.cz\/domains\/invekostavby.cz\/wp-content\/uploads\/2021\/01\/Inveco_2-736x1024.jpg\" alt=\"\" class=\"wp-image-310\" srcset=\"https:\/\/www.invekostavby.cz\/domains\/invekostavby.cz\/wp-content\/uploads\/2021\/01\/Inveco_2-736x1024.jpg 736w, https:\/\/www.invekostavby.cz\/domains\/invekostavby.cz\/wp-content\/uploads\/2021\/01\/Inveco_2-216x300.jpg 216w, https:\/\/www.invekostavby.cz\/domains\/invekostavby.cz\/wp-content\/uploads\/2021\/01\/Inveco_2-768x1069.jpg 768w, https:\/\/www.invekostavby.cz\/domains\/invekostavby.cz\/wp-content\/uploads\/2021\/01\/Inveco_2-1104x1536.jpg 1104w, https:\/\/www.invekostavby.cz\/domains\/invekostavby.cz\/wp-content\/uploads\/2021\/01\/Inveco_2-1471x2048.jpg 1471w, https:\/\/www.invekostavby.cz\/domains\/invekostavby.cz\/wp-content\/uploads\/2021\/01\/Inveco_2-scaled.jpg 1839w\" sizes=\"(max-width: 736px) 100vw, 736px\" \/><\/figure>\n","protected":false},"excerpt":{"rendered":"<p>Gener\u00e1ln\u00ed dodavatel staveb, realizace rekonstrukc\u00ed, stavebn\u00ed konstrukce, stavebn\u00ed sklo a dal\u0161\u00ed dod\u00e1vky d\u00edl\u010d\u00edch stavebn\u00edch \u010d\u00e1st\u00ed.<\/p>\n","protected":false},"author":1,"featured_media":0,"parent":0,"menu_order":0,"comment_status":"closed","ping_status":"closed","template":"","meta":[],"yoast_head":"<!-- This site is optimized with the Yoast SEO plugin v17.0 - https:\/\/yoast.com\/wordpress\/plugins\/seo\/ -->\n<title>O n\u00e1s - inveko-stavby<\/title>\n<meta name=\"robots\" content=\"index, follow, max-snippet:-1, max-image-preview:large, max-video-preview:-1\" \/>\n<link rel=\"canonical\" href=\"http:\/\/www.invekostavby.cz\/domains\/invekostavby.cz\/\" \/>\n<meta property=\"og:locale\" content=\"cs_CZ\" \/>\n<meta property=\"og:type\" content=\"article\" \/>\n<meta property=\"og:title\" content=\"O n\u00e1s - inveko-stavby\" \/>\n<meta property=\"og:description\" content=\"Gener\u00e1ln\u00ed dodavatel staveb, realizace rekonstrukc\u00ed, stavebn\u00ed konstrukce, stavebn\u00ed sklo a dal\u0161\u00ed dod\u00e1vky d\u00edl\u010d\u00edch stavebn\u00edch \u010d\u00e1st\u00ed.\" \/>\n<meta property=\"og:url\" content=\"http:\/\/www.invekostavby.cz\/domains\/invekostavby.cz\/\" \/>\n<meta property=\"og:site_name\" content=\"inveko-stavby\" \/>\n<meta property=\"article:modified_time\" content=\"2021-01-15T09:10:58+00:00\" \/>\n<meta property=\"og:image\" content=\"http:\/\/www.invekostavby.cz\/domains\/invekostavby.cz\/wp-content\/uploads\/2017\/10\/18625-2-300x200.jpg\" \/>\n<meta name=\"twitter:card\" content=\"summary\" \/>\n<script type=\"application\/ld+json\" class=\"yoast-schema-graph\">{\"@context\":\"https:\/\/schema.org\",\"@graph\":[{\"@type\":\"WebSite\",\"@id\":\"http:\/\/www.invekostavby.cz\/domains\/invekostavby.cz\/#website\",\"url\":\"http:\/\/www.invekostavby.cz\/domains\/invekostavby.cz\/\",\"name\":\"inveko-stavby\",\"description\":\"gener\\u00e1ln\\u00ed dodavatel staveb\",\"potentialAction\":[{\"@type\":\"SearchAction\",\"target\":{\"@type\":\"EntryPoint\",\"urlTemplate\":\"http:\/\/www.invekostavby.cz\/domains\/invekostavby.cz\/?s={search_term_string}\"},\"query-input\":\"required name=search_term_string\"}],\"inLanguage\":\"cs\"},{\"@type\":\"ImageObject\",\"@id\":\"http:\/\/www.invekostavby.cz\/domains\/invekostavby.cz\/#primaryimage\",\"inLanguage\":\"cs\",\"url\":\"http:\/\/www.invekostavby.cz\/domains\/invekostavby.cz\/wp-content\/uploads\/2017\/10\/18625-2-300x200.jpg\",\"contentUrl\":\"http:\/\/www.invekostavby.cz\/domains\/invekostavby.cz\/wp-content\/uploads\/2017\/10\/18625-2-300x200.jpg\"},{\"@type\":\"WebPage\",\"@id\":\"http:\/\/www.invekostavby.cz\/domains\/invekostavby.cz\/#webpage\",\"url\":\"http:\/\/www.invekostavby.cz\/domains\/invekostavby.cz\/\",\"name\":\"O n\\u00e1s - inveko-stavby\",\"isPartOf\":{\"@id\":\"http:\/\/www.invekostavby.cz\/domains\/invekostavby.cz\/#website\"},\"primaryImageOfPage\":{\"@id\":\"http:\/\/www.invekostavby.cz\/domains\/invekostavby.cz\/#primaryimage\"},\"datePublished\":\"2017-10-22T19:31:48+00:00\",\"dateModified\":\"2021-01-15T09:10:58+00:00\",\"breadcrumb\":{\"@id\":\"http:\/\/www.invekostavby.cz\/domains\/invekostavby.cz\/#breadcrumb\"},\"inLanguage\":\"cs\",\"potentialAction\":[{\"@type\":\"ReadAction\",\"target\":[\"http:\/\/www.invekostavby.cz\/domains\/invekostavby.cz\/\"]}]},{\"@type\":\"BreadcrumbList\",\"@id\":\"http:\/\/www.invekostavby.cz\/domains\/invekostavby.cz\/#breadcrumb\",\"itemListElement\":[{\"@type\":\"ListItem\",\"position\":1,\"name\":\"Dom\\u016f\",\"item\":\"http:\/\/www.invekostavby.cz\/domains\/invekostavby.cz\/\"},{\"@type\":\"ListItem\",\"position\":2,\"name\":\"O n\\u00e1s\"}]}]}<\/script>\n<!-- \/ Yoast SEO plugin. -->","yoast_head_json":{"title":"O n\u00e1s - inveko-stavby","robots":{"index":"index","follow":"follow","max-snippet":"max-snippet:-1","max-image-preview":"max-image-preview:large","max-video-preview":"max-video-preview:-1"},"canonical":"http:\/\/www.invekostavby.cz\/domains\/invekostavby.cz\/","og_locale":"cs_CZ","og_type":"article","og_title":"O n\u00e1s - inveko-stavby","og_description":"Gener\u00e1ln\u00ed dodavatel staveb, realizace rekonstrukc\u00ed, stavebn\u00ed konstrukce, stavebn\u00ed sklo a dal\u0161\u00ed dod\u00e1vky d\u00edl\u010d\u00edch stavebn\u00edch \u010d\u00e1st\u00ed.","og_url":"http:\/\/www.invekostavby.cz\/domains\/invekostavby.cz\/","og_site_name":"inveko-stavby","article_modified_time":"2021-01-15T09:10:58+00:00","og_image":[{"url":"http:\/\/www.invekostavby.cz\/domains\/invekostavby.cz\/wp-content\/uploads\/2017\/10\/18625-2-300x200.jpg"}],"twitter_card":"summary","schema":{"@context":"https:\/\/schema.org","@graph":[{"@type":"WebSite","@id":"http:\/\/www.invekostavby.cz\/domains\/invekostavby.cz\/#website","url":"http:\/\/www.invekostavby.cz\/domains\/invekostavby.cz\/","name":"inveko-stavby","description":"gener\u00e1ln\u00ed dodavatel staveb","potentialAction":[{"@type":"SearchAction","target":{"@type":"EntryPoint","urlTemplate":"http:\/\/www.invekostavby.cz\/domains\/invekostavby.cz\/?s={search_term_string}"},"query-input":"required name=search_term_string"}],"inLanguage":"cs"},{"@type":"ImageObject","@id":"http:\/\/www.invekostavby.cz\/domains\/invekostavby.cz\/#primaryimage","inLanguage":"cs","url":"http:\/\/www.invekostavby.cz\/domains\/invekostavby.cz\/wp-content\/uploads\/2017\/10\/18625-2-300x200.jpg","contentUrl":"http:\/\/www.invekostavby.cz\/domains\/invekostavby.cz\/wp-content\/uploads\/2017\/10\/18625-2-300x200.jpg"},{"@type":"WebPage","@id":"http:\/\/www.invekostavby.cz\/domains\/invekostavby.cz\/#webpage","url":"http:\/\/www.invekostavby.cz\/domains\/invekostavby.cz\/","name":"O n\u00e1s - inveko-stavby","isPartOf":{"@id":"http:\/\/www.invekostavby.cz\/domains\/invekostavby.cz\/#website"},"primaryImageOfPage":{"@id":"http:\/\/www.invekostavby.cz\/domains\/invekostavby.cz\/#primaryimage"},"datePublished":"2017-10-22T19:31:48+00:00","dateModified":"2021-01-15T09:10:58+00:00","breadcrumb":{"@id":"http:\/\/www.invekostavby.cz\/domains\/invekostavby.cz\/#breadcrumb"},"inLanguage":"cs","potentialAction":[{"@type":"ReadAction","target":["http:\/\/www.invekostavby.cz\/domains\/invekostavby.cz\/"]}]},{"@type":"BreadcrumbList","@id":"http:\/\/www.invekostavby.cz\/domains\/invekostavby.cz\/#breadcrumb","itemListElement":[{"@type":"ListItem","position":1,"name":"Dom\u016f","item":"http:\/\/www.invekostavby.cz\/domains\/invekostavby.cz\/"},{"@type":"ListItem","position":2,"name":"O n\u00e1s"}]}]}},"_links":{"self":[{"href":"https:\/\/www.invekostavby.cz\/domains\/invekostavby.cz\/wp-json\/wp\/v2\/pages\/80"}],"collection":[{"href":"https:\/\/www.invekostavby.cz\/domains\/invekostavby.cz\/wp-json\/wp\/v2\/pages"}],"about":[{"href":"https:\/\/www.invekostavby.cz\/domains\/invekostavby.cz\/wp-json\/wp\/v2\/types\/page"}],"author":[{"embeddable":true,"href":"https:\/\/www.invekostavby.cz\/domains\/invekostavby.cz\/wp-json\/wp\/v2\/users\/1"}],"replies":[{"embeddable":true,"href":"https:\/\/www.invekostavby.cz\/domains\/invekostavby.cz\/wp-json\/wp\/v2\/comments?post=80"}],"version-history":[{"count":73,"href":"https:\/\/www.invekostavby.cz\/domains\/invekostavby.cz\/wp-json\/wp\/v2\/pages\/80\/revisions"}],"predecessor-version":[{"id":311,"href":"https:\/\/www.invekostavby.cz\/domains\/invekostavby.cz\/wp-json\/wp\/v2\/pages\/80\/revisions\/311"}],"wp:attachment":[{"href":"https:\/\/www.invekostavby.cz\/domains\/invekostavby.cz\/wp-json\/wp\/v2\/media?parent=80"}],"curies":[{"name":"wp","href":"https:\/\/api.w.org\/{rel}","templated":true}]}}