{"id":232,"date":"2020-06-12T08:57:52","date_gmt":"2020-06-12T06:57:52","guid":{"rendered":"http:\/\/www.invekostavby.cz\/domains\/invekostavby.cz\/?page_id=232"},"modified":"2020-06-12T11:10:51","modified_gmt":"2020-06-12T09:10:51","slug":"rekonstrukce-2","status":"publish","type":"page","link":"https:\/\/www.invekostavby.cz\/domains\/invekostavby.cz\/rekonstrukce-2\/","title":{"rendered":"Rekonstrukce"},"content":{"rendered":"<p>Nab\u00edz\u00edme rekonstrukce:<\/p>\n<p><img loading=\"lazy\" class=\"alignnone size-medium wp-image-252\" src=\"http:\/\/www.invekostavby.cz\/domains\/invekostavby.cz\/wp-content\/uploads\/2020\/06\/PHOTO-2020-02-20-22-31-06-3-225x300.jpg\" alt=\"\" width=\"225\" height=\"300\" srcset=\"https:\/\/www.invekostavby.cz\/domains\/invekostavby.cz\/wp-content\/uploads\/2020\/06\/PHOTO-2020-02-20-22-31-06-3-225x300.jpg 225w, https:\/\/www.invekostavby.cz\/domains\/invekostavby.cz\/wp-content\/uploads\/2020\/06\/PHOTO-2020-02-20-22-31-06-3.jpg 768w\" sizes=\"(max-width: 225px) 100vw, 225px\" \/><\/p>\n<ul>\n<li>bytov\u00fdch jednotek<\/li>\n<li>historick\u00fdch objekt\u016f<\/li>\n<li>bytov\u00fdch jader<\/li>\n<li>koupelen<\/li>\n<li>Stavebn\u00edch \u010d\u00e1sti a\u00a0interi\u00e9rov\u00e9 konstrukce<\/li>\n<\/ul>\n<p>Realizujeme:<\/p>\n<ul>\n<li>Zd\u011bn\u00e9 konstrukce<\/li>\n<li>Om\u00edtky<\/li>\n<li>Konstrukce such\u00e9 v\u00fdstavby<\/li>\n<li>Renovace ciheln\u00e9ho a sm\u00ed\u0161en\u00e9ho zdiva<\/li>\n<li>Podlahy, schodi\u0161t\u011b a dal\u0161\u00ed interi\u00e9rov\u00e9 prvky<\/li>\n<li>Technick\u00e9 za\u0159\u00edzen\u00ed budov (voda, plyn, elektrorozvody, kanalizace, klimatizace, datov\u00e9 rozvody, \u2026)<\/li>\n<\/ul>\n","protected":false},"excerpt":{"rendered":"<p>Nab\u00edz\u00edme rekonstrukce: bytov\u00fdch jednotek historick\u00fdch objekt\u016f bytov\u00fdch jader koupelen Stavebn\u00edch \u010d\u00e1sti a\u00a0interi\u00e9rov\u00e9 konstrukce Realizujeme: Zd\u011bn\u00e9 konstrukce Om\u00edtky Konstrukce such\u00e9 v\u00fdstavby Renovace ciheln\u00e9ho a sm\u00ed\u0161en\u00e9ho zdiva Podlahy, schodi\u0161t\u011b a dal\u0161\u00ed interi\u00e9rov\u00e9 prvky Technick\u00e9 za\u0159\u00edzen\u00ed budov (voda, plyn, elektrorozvody, kanalizace, klimatizace, datov\u00e9 rozvody, \u2026)<\/p>\n","protected":false},"author":2,"featured_media":0,"parent":0,"menu_order":0,"comment_status":"closed","ping_status":"closed","template":"","meta":[],"yoast_head":"<!-- This site is optimized with the Yoast SEO plugin v17.0 - https:\/\/yoast.com\/wordpress\/plugins\/seo\/ -->\n<title>Rekonstrukce - inveko-stavby<\/title>\n<meta name=\"robots\" content=\"index, follow, max-snippet:-1, max-image-preview:large, max-video-preview:-1\" \/>\n<link rel=\"canonical\" href=\"http:\/\/www.invekostavby.cz\/domains\/invekostavby.cz\/rekonstrukce-2\/\" \/>\n<meta property=\"og:locale\" content=\"cs_CZ\" \/>\n<meta property=\"og:type\" content=\"article\" \/>\n<meta property=\"og:title\" content=\"Rekonstrukce - inveko-stavby\" \/>\n<meta property=\"og:description\" content=\"Nab\u00edz\u00edme rekonstrukce: bytov\u00fdch jednotek historick\u00fdch objekt\u016f bytov\u00fdch jader koupelen Stavebn\u00edch \u010d\u00e1sti a\u00a0interi\u00e9rov\u00e9 konstrukce Realizujeme: Zd\u011bn\u00e9 konstrukce Om\u00edtky Konstrukce such\u00e9 v\u00fdstavby Renovace ciheln\u00e9ho a sm\u00ed\u0161en\u00e9ho zdiva Podlahy, schodi\u0161t\u011b a dal\u0161\u00ed interi\u00e9rov\u00e9 prvky Technick\u00e9 za\u0159\u00edzen\u00ed budov (voda, plyn, elektrorozvody, kanalizace, klimatizace, datov\u00e9 rozvody, \u2026)\" \/>\n<meta property=\"og:url\" content=\"http:\/\/www.invekostavby.cz\/domains\/invekostavby.cz\/rekonstrukce-2\/\" \/>\n<meta property=\"og:site_name\" content=\"inveko-stavby\" \/>\n<meta property=\"article:modified_time\" content=\"2020-06-12T09:10:51+00:00\" \/>\n<meta property=\"og:image\" content=\"http:\/\/www.invekostavby.cz\/domains\/invekostavby.cz\/wp-content\/uploads\/2020\/06\/PHOTO-2020-02-20-22-31-06-3-225x300.jpg\" \/>\n<meta name=\"twitter:card\" content=\"summary\" \/>\n<script type=\"application\/ld+json\" class=\"yoast-schema-graph\">{\"@context\":\"https:\/\/schema.org\",\"@graph\":[{\"@type\":\"WebSite\",\"@id\":\"http:\/\/www.invekostavby.cz\/domains\/invekostavby.cz\/#website\",\"url\":\"http:\/\/www.invekostavby.cz\/domains\/invekostavby.cz\/\",\"name\":\"inveko-stavby\",\"description\":\"gener\\u00e1ln\\u00ed dodavatel staveb\",\"potentialAction\":[{\"@type\":\"SearchAction\",\"target\":{\"@type\":\"EntryPoint\",\"urlTemplate\":\"http:\/\/www.invekostavby.cz\/domains\/invekostavby.cz\/?s={search_term_string}\"},\"query-input\":\"required name=search_term_string\"}],\"inLanguage\":\"cs\"},{\"@type\":\"ImageObject\",\"@id\":\"http:\/\/www.invekostavby.cz\/domains\/invekostavby.cz\/rekonstrukce-2\/#primaryimage\",\"inLanguage\":\"cs\",\"url\":\"http:\/\/www.invekostavby.cz\/domains\/invekostavby.cz\/wp-content\/uploads\/2020\/06\/PHOTO-2020-02-20-22-31-06-3-225x300.jpg\",\"contentUrl\":\"http:\/\/www.invekostavby.cz\/domains\/invekostavby.cz\/wp-content\/uploads\/2020\/06\/PHOTO-2020-02-20-22-31-06-3-225x300.jpg\"},{\"@type\":\"WebPage\",\"@id\":\"http:\/\/www.invekostavby.cz\/domains\/invekostavby.cz\/rekonstrukce-2\/#webpage\",\"url\":\"http:\/\/www.invekostavby.cz\/domains\/invekostavby.cz\/rekonstrukce-2\/\",\"name\":\"Rekonstrukce - inveko-stavby\",\"isPartOf\":{\"@id\":\"http:\/\/www.invekostavby.cz\/domains\/invekostavby.cz\/#website\"},\"primaryImageOfPage\":{\"@id\":\"http:\/\/www.invekostavby.cz\/domains\/invekostavby.cz\/rekonstrukce-2\/#primaryimage\"},\"datePublished\":\"2020-06-12T06:57:52+00:00\",\"dateModified\":\"2020-06-12T09:10:51+00:00\",\"breadcrumb\":{\"@id\":\"http:\/\/www.invekostavby.cz\/domains\/invekostavby.cz\/rekonstrukce-2\/#breadcrumb\"},\"inLanguage\":\"cs\",\"potentialAction\":[{\"@type\":\"ReadAction\",\"target\":[\"http:\/\/www.invekostavby.cz\/domains\/invekostavby.cz\/rekonstrukce-2\/\"]}]},{\"@type\":\"BreadcrumbList\",\"@id\":\"http:\/\/www.invekostavby.cz\/domains\/invekostavby.cz\/rekonstrukce-2\/#breadcrumb\",\"itemListElement\":[{\"@type\":\"ListItem\",\"position\":1,\"name\":\"Dom\\u016f\",\"item\":\"http:\/\/www.invekostavby.cz\/domains\/invekostavby.cz\/\"},{\"@type\":\"ListItem\",\"position\":2,\"name\":\"Rekonstrukce\"}]}]}<\/script>\n<!-- \/ Yoast SEO plugin. -->","yoast_head_json":{"title":"Rekonstrukce - inveko-stavby","robots":{"index":"index","follow":"follow","max-snippet":"max-snippet:-1","max-image-preview":"max-image-preview:large","max-video-preview":"max-video-preview:-1"},"canonical":"http:\/\/www.invekostavby.cz\/domains\/invekostavby.cz\/rekonstrukce-2\/","og_locale":"cs_CZ","og_type":"article","og_title":"Rekonstrukce - inveko-stavby","og_description":"Nab\u00edz\u00edme rekonstrukce: bytov\u00fdch jednotek historick\u00fdch objekt\u016f bytov\u00fdch jader koupelen Stavebn\u00edch \u010d\u00e1sti a\u00a0interi\u00e9rov\u00e9 konstrukce Realizujeme: Zd\u011bn\u00e9 konstrukce Om\u00edtky Konstrukce such\u00e9 v\u00fdstavby Renovace ciheln\u00e9ho a sm\u00ed\u0161en\u00e9ho zdiva Podlahy, schodi\u0161t\u011b a dal\u0161\u00ed interi\u00e9rov\u00e9 prvky Technick\u00e9 za\u0159\u00edzen\u00ed budov (voda, plyn, elektrorozvody, kanalizace, klimatizace, datov\u00e9 rozvody, \u2026)","og_url":"http:\/\/www.invekostavby.cz\/domains\/invekostavby.cz\/rekonstrukce-2\/","og_site_name":"inveko-stavby","article_modified_time":"2020-06-12T09:10:51+00:00","og_image":[{"url":"http:\/\/www.invekostavby.cz\/domains\/invekostavby.cz\/wp-content\/uploads\/2020\/06\/PHOTO-2020-02-20-22-31-06-3-225x300.jpg"}],"twitter_card":"summary","schema":{"@context":"https:\/\/schema.org","@graph":[{"@type":"WebSite","@id":"http:\/\/www.invekostavby.cz\/domains\/invekostavby.cz\/#website","url":"http:\/\/www.invekostavby.cz\/domains\/invekostavby.cz\/","name":"inveko-stavby","description":"gener\u00e1ln\u00ed dodavatel staveb","potentialAction":[{"@type":"SearchAction","target":{"@type":"EntryPoint","urlTemplate":"http:\/\/www.invekostavby.cz\/domains\/invekostavby.cz\/?s={search_term_string}"},"query-input":"required name=search_term_string"}],"inLanguage":"cs"},{"@type":"ImageObject","@id":"http:\/\/www.invekostavby.cz\/domains\/invekostavby.cz\/rekonstrukce-2\/#primaryimage","inLanguage":"cs","url":"http:\/\/www.invekostavby.cz\/domains\/invekostavby.cz\/wp-content\/uploads\/2020\/06\/PHOTO-2020-02-20-22-31-06-3-225x300.jpg","contentUrl":"http:\/\/www.invekostavby.cz\/domains\/invekostavby.cz\/wp-content\/uploads\/2020\/06\/PHOTO-2020-02-20-22-31-06-3-225x300.jpg"},{"@type":"WebPage","@id":"http:\/\/www.invekostavby.cz\/domains\/invekostavby.cz\/rekonstrukce-2\/#webpage","url":"http:\/\/www.invekostavby.cz\/domains\/invekostavby.cz\/rekonstrukce-2\/","name":"Rekonstrukce - inveko-stavby","isPartOf":{"@id":"http:\/\/www.invekostavby.cz\/domains\/invekostavby.cz\/#website"},"primaryImageOfPage":{"@id":"http:\/\/www.invekostavby.cz\/domains\/invekostavby.cz\/rekonstrukce-2\/#primaryimage"},"datePublished":"2020-06-12T06:57:52+00:00","dateModified":"2020-06-12T09:10:51+00:00","breadcrumb":{"@id":"http:\/\/www.invekostavby.cz\/domains\/invekostavby.cz\/rekonstrukce-2\/#breadcrumb"},"inLanguage":"cs","potentialAction":[{"@type":"ReadAction","target":["http:\/\/www.invekostavby.cz\/domains\/invekostavby.cz\/rekonstrukce-2\/"]}]},{"@type":"BreadcrumbList","@id":"http:\/\/www.invekostavby.cz\/domains\/invekostavby.cz\/rekonstrukce-2\/#breadcrumb","itemListElement":[{"@type":"ListItem","position":1,"name":"Dom\u016f","item":"http:\/\/www.invekostavby.cz\/domains\/invekostavby.cz\/"},{"@type":"ListItem","position":2,"name":"Rekonstrukce"}]}]}},"_links":{"self":[{"href":"https:\/\/www.invekostavby.cz\/domains\/invekostavby.cz\/wp-json\/wp\/v2\/pages\/232"}],"collection":[{"href":"https:\/\/www.invekostavby.cz\/domains\/invekostavby.cz\/wp-json\/wp\/v2\/pages"}],"about":[{"href":"https:\/\/www.invekostavby.cz\/domains\/invekostavby.cz\/wp-json\/wp\/v2\/types\/page"}],"author":[{"embeddable":true,"href":"https:\/\/www.invekostavby.cz\/domains\/invekostavby.cz\/wp-json\/wp\/v2\/users\/2"}],"replies":[{"embeddable":true,"href":"https:\/\/www.invekostavby.cz\/domains\/invekostavby.cz\/wp-json\/wp\/v2\/comments?post=232"}],"version-history":[{"count":4,"href":"https:\/\/www.invekostavby.cz\/domains\/invekostavby.cz\/wp-json\/wp\/v2\/pages\/232\/revisions"}],"predecessor-version":[{"id":300,"href":"https:\/\/www.invekostavby.cz\/domains\/invekostavby.cz\/wp-json\/wp\/v2\/pages\/232\/revisions\/300"}],"wp:attachment":[{"href":"https:\/\/www.invekostavby.cz\/domains\/invekostavby.cz\/wp-json\/wp\/v2\/media?parent=232"}],"curies":[{"name":"wp","href":"https:\/\/api.w.org\/{rel}","templated":true}]}}